of 225?
5
What is the units digit of 342?
2
What is the hundreds digit of 2291?
2
What is the tens digit of 37?
3
What is the tens digit of 1916?
1
What is the units digit of 382?
2
What is the tens digit of 1009?
0
What is the ten thousands digit of 85156?
8
What is the hundreds digit of 850?
8
What is the tens digit of 4894?
9
What is the thousands digit of 1063?
1
What is the hundreds digit of 17553?
5
What is the hundreds digit of 3575?
5
What is the units digit of 68307?
7
What is the units digit of 2137?
7
What is the units digit of 354?
4
What is the hundreds digit of 1629?
6
What is the units digit of 33976?
6
What is the thousands digit of 18475?
8
What is the units digit of 46468?
8
What is the tens digit of 157343?
4
What is the units digit of 2145?
5
What is the units digit of 12412?
2
What is the thousands digit of 4304?
4
What is the thousands digit of 2032?
2
What is the tens digit of 878?
7
What is the units digit of 5420?
0
What is the hundreds digit of 27143?
1
What is the thousands digit of 4140?
4
What is the units digit of 3094?
4
What is the units digit of 2372?
2
What is the ten thousands digit of 20872?
2
What is the units digit of 687?
7
What is the tens digit of 643?
4
What is the units digit of 9182?
2
What is the tens digit of 6736?
3
What is the units digit of 919?
9
What is the units digit of 2911?
1
What is the tens digit of 155?
5
What is the hundreds digit of 1325?
3
What is the units digit of 673?
3
What is the units digit of 978?
8
What is the tens digit of 7625?
2
What is the units digit of 1671?
1
What is the ten thousands digit of 96849?
9
What is the hundreds digit of 2715?
7
What is the hundreds digit of 1375?
3
What is the tens digit of 6186?
8
What is the tens digit of 2017?
1
What is the tens digit of 63540?
4
What is the units digit of 1149?
9
What is the thousands digit of 2082?
2
What is the units digit of 7484?
4
What is the units digit of 1290?
0
What is the hundreds digit of 24063?
0
What is the units digit of 3922?
2
What is the tens digit of 1756?
5
What is the hundreds digit of 54612?
6
What is the tens digit of 6742?
4
What is the thousands digit of 43197?
3
What is the units digit of 14464?
4
What is the tens digit of 165?
6
What is the tens digit of 17465?
6
What is the hundreds digit of 19343?
3
What is the units digit of 97?
7
What is the tens digit of 4388?
8
What is the tens digit of 1176?
7
What is the thousands digit of 21778?
1
What is the thousands digit of 21342?
1
What is the units digit of 819?
9
What is the hundreds digit of 426?
4
What is the units digit of 91973?
3
What is the tens digit of 24365?
6
What is the hundreds digit of 7663?
6
What is the units digit of 18598?
8
What is the hundreds digit of 10397?
3
What is the thousands digit of 6165?
6
What is the hundreds digit of 33999?
9
What is the ten thousands digit of 41920?
4
What is the units digit of 5813?
3
What is the units digit of 6109?
9
What is the hundreds digit of 397?
3
What is the hundreds digit of 106?
1
What is the units digit of 7871?
1
What is the hundreds digit of 52517?
5
What is the tens digit of 7817?
1
What is the tens digit of 6229?
2
What is the hundreds digit of 1050?
0
What is the tens digit of 775?
7
What is the tens digit of 2344?
4
What is the tens digit of 626?
2
What is the tens digit of 7722?
2
What is the hundreds digit of 5583?
5
What is the thousands digit of 53745?
3
What is the units digit of 4040?
0
What is the units digit of 107954?
4
What is the thousands digit of 10198?
0
What is the hundreds digit of 24831?
8
What is the units digit of 35553?
3
What is the units digit of 114920?
0
What is the tens digit of 1303?
0
What is the hundreds digit of 387?
3
What is the thousands digit of 1427?
1
What is the units digit of 2916?
6
What is the units digit of 9005?
5
What is the units digit of 3807?
7
What is the units digit of 86175?
5
What is the thousands digit of 70624?
0
What is the units digit of 975?
5
What is the thousands digit of 2056?
2
What is the units digit of 12006?
6
What is the tens digit of 164?
6
What is the ten thousands digit of 42420?
4
What is the ten thousands digit of 34820?
3
What is the tens digit of 6140?
4
What is the ten thousands digit of 14501?
1
What is the hundreds digit of 374?
3
What is the thousands digit of 34097?
4
What is the tens digit of 2831?
3
What is the tens digit of 741?
4
What is the hundreds digit of 1184?
1
What is the units digit of 547?
7
What is the tens digit of 3287?
8
What is the units digit of 13911?
1
What is the tens digit of 1753?
5
What is the units digit of 6291?
1
What is the ten thousands digit of 47916?
4
What is the thousands digit of 2100?
2
What is the hundreds digit of 14521?
5
What is the tens digit of 568?
6
What is the units digit of 822?
2
What is the units digit of 98581?
1
What is the units digit of 9360?
0
What is the units digit of 4875?
5
What is the tens digit of 937?
3
What is the hundreds digit of 22733?
7
What is the thousands digit of 2197?
2
What is the thousands digit of 4464?
4
What is the thousands digit of 13315?
3
What is the thousands digit of 25410?
5
What is the hundreds digit of 828?
8
What is the thousands digit of 35463?
5
What is the hundreds digit of 10751?
7
What is the thousands digit of 19064?
9
What is the thousands digit of 1889?
1
What is the ten thousands digit of 180123?
8
What is the tens digit of 47299?
9
What is the ten thousands digit of 11853?
1
What is the hundreds digit of 5168?
1
What is the tens digit of 3855?
5
What is the hundreds digit of 6682?
6
What is the thousands digit of 9173?
9
What is the ten thousands digit of 118507?
1
What is the units digit of 1333?
3
What is the hundreds digit of 2159?
1
What is the hundreds digit of 13476?
4
What is the hundreds digit of 2380?
3
What is the units digit of 1641?
1
What is the tens digit of 967?
6
What is the thousands digit of 1212?
1
What is the tens digit of 13596?
9
What is the thousands digit of 32896?
2
What is the units digit of 4328?
8
What is the tens digit of 1595?
9
What is the thousands digit of 3061?
3
What is the units digit of 4752?
2
What is the tens digit of 6109?
0
What is the hundreds digit of 5261?
2
What is the ten thousands digit of 39342?
3
What is the ten thousands digit of 13254?
1
What is the tens digit of 65?
6
What is the tens digit of 8542?
4
What is the tens digit of 761?
6
What is the tens digit of 786?
8
What is the hundreds digit of 6157?
1
What is the tens digit of 1470?
7
What is the tens digit of 2193?
9
What is the tens digit of 30239?
3
What is the hundreds digit of 834?
8
What is the tens digit of 22151?
5
What is the tens digit of 729?
2
What is the units digit of 5348?
8
What is the thousands digit of 97816?
7
What is the tens digit of 7873?
7
What is the tens digit of 956?
5
What is the hundreds digit of 309?
3
What is the hundreds digit of 179918?
9
What is the hundreds digit of 2269?
2
What is the thousands digit of 5406?
5
What is the hundred thousands digit of 103473?
1
What is the thousands digit of 2260?
2
What is the thousands digit of 4902?
4
What is the units digit of 12800?
0
What is the units digit of 14511?
1
What is the tens digit of 1505?
0
What is the hundreds digit of 6139?
1
What is the tens digit of 84?
8
What is the hundreds digit of 7584?
5
What is the units digit of 548?
8
What is the hundreds digit of 1143?
1
What is the tens digit of 5743?
4
What is the hundreds digit of 10776?
7
What is the tens digit of 19025?
2
What is the hundreds digit of 669?
6
What is the tens digit of 9939?
3
What is the hundreds digit of 27732?
7
What is the tens digit of 75998?
9
What is the thousands digit of 4099?
4
What is the tens digit of 169084?
8
What is the ten thousands digit of 68104?
6
What is the tens digit of 1814?
1
What is the hundreds digit of 858?
8
What is the tens digit of 17806?
0
What is the hundreds digit of 158?
1
What is the tens digit of 10983?
8
What is the tens digit of 2332?
3
What is the tens digit of 77314?
1
What is the ten thousands digit of 73962?
7
What is the hundreds digit of 2612?
6
What is the ten thousands digit of 49152?
4
What is the units digit of 7136?
6
What is the tens digit of 1601?
0
What is the tens digit of 8988?
8
What is the tens digit 